he tens digit of 3549?
4
What is the hundreds digit of 841?
8
What is the thousands digit of 40776?
0
What is the units digit of 529?
9
What is the units digit of 19710?
0
What is the tens digit of 4081?
8
What is the units digit of 931?
1
What is the thousands digit of 24329?
4
What is the hundreds digit of 98569?
5
What is the hundreds digit of 98976?
9
What is the tens digit of 1297?
9
What is the tens digit of 2874?
7
What is the thousands digit of 88788?
8
What is the units digit of 874?
4
What is the units digit of 3779?
9
What is the hundreds digit of 2368?
3
What is the units digit of 783?
3
What is the thousands digit of 2065?
2
What is the thousands digit of 3404?
3
What is the units digit of 137750?
0
What is the tens digit of 2306?
0
What is the units digit of 1080?
0
What is the tens digit of 4890?
9
What is the ten thousands digit of 13670?
1
What is the thousands digit of 1499?
1
What is the hundreds digit of 733?
7
What is the units digit of 116019?
9
What is the thousands digit of 83411?
3
What is the ten thousands digit of 26081?
2
What is the thousands digit of 1414?
1
What is the ten thousands digit of 14299?
1
What is the tens digit of 36717?
1
What is the hundreds digit of 4757?
7
What is the units digit of 51124?
4
What is the ten thousands digit of 10289?
1
What is the hundreds digit of 371?
3
What is the thousands digit of 47267?
7
What is the tens digit of 3687?
8
What is the tens digit of 714?
1
What is the thousands digit of 7385?
7
What is the units digit of 2595?
5
What is the units digit of 6654?
4
What is the ten thousands digit of 14834?
1
What is the tens digit of 69718?
1
What is the hundreds digit of 229?
2
What is the units digit of 3492?
2
What is the tens digit of 49320?
2
What is the units digit of 8287?
7
What is the ten thousands digit of 62079?
6
What is the hundreds digit of 706?
7
What is the hundreds digit of 44610?
6
What is the tens digit of 648?
4
What is the thousands digit of 155345?
5
What is the hundreds digit of 154344?
3
What is the tens digit of 44784?
8
What is the tens digit of 4439?
3
What is the ten thousands digit of 111672?
1
What is the thousands digit of 3498?
3
What is the hundreds digit of 2241?
2
What is the ten thousands digit of 14534?
1
What is the tens digit of 392?
9
What is the units digit of 57290?
0
What is the units digit of 7245?
5
What is the hundreds digit of 6296?
2
What is the thousands digit of 3915?
3
What is the ten thousands digit of 15907?
1
What is the thousands digit of 2539?
2
What is the thousands digit of 1380?
1
What is the hundreds digit of 44113?
1
What is the tens digit of 4717?
1
What is the thousands digit of 104248?
4
What is the hundreds digit of 18909?
9
What is the tens digit of 9553?
5
What is the units digit of 1236?
6
What is the hundreds digit of 7182?
1
What is the hundreds digit of 288?
2
What is the thousands digit of 8122?
8
What is the thousands digit of 2280?
2
What is the units digit of 4169?
9
What is the thousands digit of 5827?
5
What is the thousands digit of 10233?
0
What is the hundreds digit of 5410?
4
What is the tens digit of 23385?
8
What is the ten thousands digit of 31812?
3
What is the units digit of 5863?
3
What is the units digit of 922?
2
What is the units digit of 820?
0
What is the ten thousands digit of 28655?
2
What is the hundreds digit of 1500?
5
What is the thousands digit of 3082?
3
What is the hundred thousands digit of 192638?
1
What is the hundreds digit of 40490?
4
What is the units digit of 31656?
6
What is the thousands digit of 65437?
5
What is the units digit of 10106?
6
What is the units digit of 221?
1
What is the hundreds digit of 4449?
4
What is the tens digit of 36417?
1
What is the tens digit of 3947?
4
What is the thousands digit of 1070?
1
What is the tens digit of 12391?
9
What is the tens digit of 961?
6
What is the hundreds digit of 10037?
0
What is the thousands digit of 12237?
2
What is the ten thousands digit of 65888?
6
What is the units digit of 79653?
3
What is the tens digit of 83305?
0
What is the units digit of 4646?
6
What is the hundreds digit of 5326?
3
What is the tens digit of 375?
7
What is the hundreds digit of 5237?
2
What is the units digit of 19556?
6
What is the ten thousands digit of 41239?
4
What is the thousands digit of 23495?
3
What is the units digit of 1807?
7
What is the ten thousands digit of 62552?
6
What is the hundreds digit of 16995?
9
What is the hundreds digit of 315?
3
What is the hundreds digit of 4949?
9
What is the hundreds digit of 1246?
2
What is the tens digit of 6427?
2
What is the tens digit of 209?
0
What is the hundreds digit of 1962?
9
What is the hundreds digit of 995?
9
What is the units digit of 54133?
3
What is the tens digit of 21721?
2
What is the tens digit of 153367?
6
What is the thousands digit of 10617?
0
What is the tens digit of 54636?
3
What is the units digit of 2642?
2
What is the tens digit of 12000?
0
What is the hundreds digit of 3268?
2
What is the hundreds digit of 3593?
5
What is the hundreds digit of 4416?
4
What is the units digit of 760?
0
What is the thousands digit of 2289?
2
What is the thousands digit of 41743?
1
What is the ten thousands digit of 71642?
7
What is the thousands digit of 4989?
4
What is the hundreds digit of 28002?
0
What is the thousands digit of 11136?
1
What is the units digit of 549?
9
What is the units digit of 9745?
5
What is the hundreds digit of 769?
7
What is the thousands digit of 31131?
1
What is the hundreds digit of 6434?
4
What is the thousands digit of 1219?
1
What is the units digit of 26851?
1
What is the thousands digit of 35351?
5
What is the thousands digit of 2487?
2
What is the ten thousands digit of 19684?
1
What is the thousands digit of 13093?
3
What is the units digit of 1393?
3
What is the hundreds digit of 9407?
4
What is the ten thousands digit of 101333?
0
What is the units digit of 1196?
6
What is the hundreds digit of 72428?
4
What is the tens digit of 15889?
8
What is the tens digit of 33326?
2
What is the units digit of 2445?
5
What is the hundreds digit of 6481?
4
What is the tens digit of 711?
1
What is the units digit of 786?
6
What is the ten thousands digit of 39572?
3
What is the ten thousands digit of 11100?
1
What is the hundreds digit of 59165?
1
What is the thousands digit of 9794?
9
What is the units digit of 4156?
6
What is the tens digit of 18234?
3
What is the ten thousands digit of 52182?
5
What is the hundreds digit of 335?
3
What is the units digit of 1267?
7
What is the units digit of 4572?
2
What is the hundreds digit of 836?
8
What is the tens digit of 17869?
6
What is the hundreds digit of 395?
3
What is the units digit of 427?
7
What is the hundreds digit of 23831?
8
What is the units digit of 12122?
2
What is the hundreds digit of 6871?
8
What is the tens digit of 23692?
9
What is the hundreds digit of 50583?
5
What is the hundreds digit of 2054?
0
What is the ten thousands digit of 43534?
4
What is the ten thousands digit of 19332?
1
What is the tens digit of 1314?
1
What is the tens digit of 3868?
6
What is the hundred thousands digit of 113087?
1
What is the hundreds digit of 1831?
8
What is the thousands digit of 1157?
1
What is the units digit of 1510?
0
What is the hundreds digit of 636?
6
What is the tens digit of 4100?
0
What is the units digit of 539?
9
What is the units digit of 639?
9
What is the units digit of 73?
3
What is the hundreds digit of 852?
8
What is the ten thousands digit of 112337?
1
What is the thousands digit of 5783?
5
What is the units digit of 13720?
0
What is the hundreds digit of 10189?
1
What is the hundreds digit of 18023?
0
What is the units digit of 66?
6
What is the ten thousands digit of 99414?
9
What is the hundreds digit of 4500?
5
What is the thousands digit of 10061?
0
What is the tens digit of 3685?
8
What is the thousands digit of 3206?
3
What is the hundreds digit of 2684?
6
What is the thousands digit of 1014?
1
What is the tens digit of 4022?
2
What is the thousands digit of 82503?
2
What is the hundreds digit of 38211?
2
What is the units digit of 9814?
4
What is the units digit of 118024?
4
What is the thousands digit of 15502?
5
What is the hundreds digit of 4326?
3
What is the hundreds digi